 c?
16
Let i = -12 - -42. Suppose 0 = w + 4*w - i. Calculate the remainder when w is divided by 2.
0
Suppose 2*c - 13 - 15 = 0. Let s(i) = i**2 - 6*i - 6. Let a be s(7). Suppose a + 19 = 4*m. Calculate the remainder when c is divided by m.
4
Let f be 1 + -4 + (-668)/(-4). Suppose -5*s + 886 = -f. What is the remainder when s is divided by 43?
38
Suppose -4*l - 12 = -z, 4*z - 3*z - 12 = 5*l. Suppose 39 = -5*f + 3*o, 3*f + 5*o = -2 - 1. What is the remainder when ((-22)/f)/((-8)/(-48)) is divided by z?
10
Let s(b) = -6*b**3 + 18*b**2 - 17*b + 16. Let j(a) = -2*a**3 + 6*a**2 - 6*a + 5. Let n(d) = 8*j(d) - 3*s(d). Calculate the remainder when n(4) is divided by 20.
16
Let w(q) = -2*q + 2. Let y be 10/(-14) - 12/42. Let o be w(y). Suppose 5*c + o = 34. Calculate the remainder when 7 is divided by c.
1
Let z(l) = l**2 - 5*l + 8. Let o be z(8). Suppose 3*b - 4*v + 0*v - 100 = 0, -5*b + 4*v = -180. What is the remainder when b is divided by (o/(-48))/((-2)/63)?
19
Let t = 831 + -792. Calculate the remainder when 154 is divided by t.
37
Let t be (-3 + (-7)/(-2))*420. Suppose p - 4*p + t = 3*k, -3*k + 9 = 0. Suppose -4*h - 15 + p = 0. Calculate the remainder when 51 is divided by h.
12
Let y(m) = -3*m + 95. What is the remainder when y(15) is divided by 26?
24
Suppose -4*n = 0, 0 = -77*l + 78*l - 5*n - 7. What is the remainder when 103 is divided by l?
5
Let i be ((-54)/8)/((-15)/(-80)). Let a be (0 - -16)*(-3)/4. What is the remainder when (i/a)/((-2)/(-14)) is divided by 8?
5
Let b = 6 + 9. What is the remainder when b is divided by 8?
7
Let x = 546 + -540. Calculate the remainder when 173 is divided by x.
5
Suppose -17*x + 21 = -14*x. Let u = -18 + 41. Calculate the remainder when u is divided by x.
2
Let w = 444 + -338. Calculate the remainder when w is divided by 10.
6
Let v(y) = -4*y - 1. Let u be v(-6). Let b = u + -20. What is the remainder when (-6)/5*(-9 + 4) is divided by b?
0
Let l be (3 - (-1 + 0))*2. Suppose -l = -3*o + 43. Let j = 6 - 1. What is the remainder when o is divided by j?
2
Let k = -39 + 60. Let d(j) = 3*j + 45. Calculate the remainder when k is divided by d(-11).
9
Let v(s) = 5*s**3 + 1. Let h be v(1). Let d = h - -15. Calculate the remainder when d is divided by 14*((-108)/63)/(-6) + 8.
9
Let t(s) = -2*s**2 + 99*s - 77. Calculate the remainder when t(41) is divided by 89.
86
Let s = 48 + -29. Suppose t + 3*n - 5*n - s = 0, 5*t + 4*n = 95. What is the remainder when 94 is divided by t?
18
Let z be (49 - (-2 - 0)) + 5. Suppose 0 = -4*v - 8 + z. What is the remainder when v is divided by 6?
0
What is the remainder when (33/(-15) - -2) + 18324/45 is divided by 34?
33
Let u = -423 + 460. Calculate the remainder when 434 is divided by u.
27
Let s be 0/1 - (1 - 21). Let o = 149 + -156. Let l = s + o. Calculate the remainder when 48 is divided by l.
9
Suppose -c - 40 = -2*v - 0*c, 0 = c + 4. Let s = v + -2. Calculate the remainder when s is divided by 9.
7
Let i be 3 - -434 - (-8)/(-4). Suppose 2*n - 53 = -4*o + 121, -i = -5*n + 3*o. What is the remainder when n is divided by 18?
15
Suppose 0 = -6*p - 2*p + 32. Calculate the remainder when 24 is divided by p.
0
Suppose -3*m + 20 = m. Suppose 10*v = -194 - 16. Let h = v - -23. Calculate the remainder when m is divided by h.
1
Let l be (2 - 3)/((-2)/2). Let m be (1 - l)*(-15)/(-30). Suppose -1 = -i - m*i. What is the remainder when 3 is divided by i?
0
Let d = 1885 - 1702. What is the remainder when d is divided by 3?
0
Let h be 6/4 + (-6)/(-4). Suppose h*o + 4*a - 31 = 0, -4*o + 10 + 34 = 4*a. What is the remainder when o is divided by 3?
1
Let x be 3/6 + 580/(-8). What is the remainder when 6/(x/15)*-8 is divided by 7?
3
Suppose 88*h = 2453 + 2123. What is the remainder when 566 is divided by h?
46
Let s be 82/8 - (-4)/(-16). Let l = s - -13. Calculate the remainder when -2 - -30*(-3)/(-2) is divided by l.
20
Suppose 0 = h - 6*h. Let p(q) = 2*q**3 - 2*q**2 + 3*q - 7. Calculate the remainder when p(3) is divided by 13 + (-2 + 2 - h).
12
What is the remainder when 80/(-50) - 3492/(-45) is divided by 64?
12
Suppose 5*u - 12 = -2, -5*u - 23 = -3*k. Calculate the remainder when 581 is divided by k.
9
Let f(i) = -i**3 + 16*i**2 - 3*i - 176. What is the remainder when f(14) is divided by 16?
14
Suppose -12 = -2*k + 2*s, -k - 4*s + 12 = -4. Suppose -4*t = -7*t + 2208. What is the remainder when t/52 + 4/(-26) is divided by k?
6
Suppose 6 = 36*j - 38*j. Let p = j - -25. Calculate the remainder when 131 is divided by p.
21
Suppose 64 = -2*h - 2*u, -5*h - 41 = u + 111. What is the remainder when 50 is divided by 3 - h/2 - 1?
16
What is the remainder when 582 is divided by 4/(-2)*6/20*-25?
12
Let j(s) = 7*s**2 + 128*s - 16. What is the remainder when j(-19) is divided by 10?
9
Calculate the remainder when 49/4 + 2/(-8) is divided by ((-1896)/395)/(9/(-15)).
4
Suppose -3*v = -u + 94, -u - v + 135 - 25 = 0. What is the remainder when u is divided by 38?
30
Suppose -i = 3*i - 88. Let g = 191 - 127. What is the remainder when g is divided by i?
20
Suppose 42 = 5*t - 18. Suppose -18*f = -11*f - 567. Calculate the remainder when f is divided by t.
9
Let g(m) = m**2 + 28*m + 167. Calculate the remainder when 176 is divided by g(-25).
84
Suppose 34*k - 1117 = -29. What is the remainder when 797 is divided by k?
29
Suppose c + 10 = -2*y + 3*y, -3*y = 3*c. Suppose -80 + 10 = -y*w. Let v(m) = m - 9. Calculate the remainder when 17 is divided by v(w).
2
Let j(l) = -22*l**3 - l**2 + l. Let k be j(1). What is the remainder when 73 is divided by (-3)/66*-326 + (-4)/k?
13
Let g = 1288 - 1112. What is the remainder when g is divided by 25?
1
Suppose 4*h + 40 = -4*d, h = -2*d - 9 - 6. Suppose -o = -z - 6, 8*o - 3*o + 4*z - 39 = 0. Calculate the remainder when (-128)/(-10) - 1/d is divided by o.
6
Let h(p) = p**3 + 7*p**2 + p + 7. What is the remainder when h(-5) is divided by (154/55 + -3)*-95?
14
Let u(k) = 22*k**2 - 8*k**2 + 2*k**2 + k**3 - 8 + 29. What is the remainder when 61 is divided by u(-16)?
19
Let k be 115/20 - 3/4. Suppose 2*q + k*l + 7 = q, 5*q = 5*l + 25. Suppose q*f - 44 = 25. What is the remainder when f is divided by 6?
5
Let o = -193 - -325. Let z = -83 + o. Calculate the remainder when 95 is divided by z.
46
Let h(r) be the third derivative of r**5/20 + 4*r**2. Calculate the remainder when 19 is divided by h(2).
7
Let w(l) = l - 2. Let f(x) = 40*x**2 - 4*x - 6. Let n be f(-4). Calculate the remainder when n/52 - (-1)/(-2) is divided by w(7).
2
Let i = 2 - -1. Suppose 0 = -6*k + 8 - 14. What is the remainder when 5/((-60)/(-27))*(-4)/k is divided by i?
0
Let g(c) = 2*c**3 + c**2 - 3*c + 1. Let q be g(2). Let t = -10 + q. Suppose -y + 2 = -t. What is the remainder when 13 is divided by y?
6
Suppose 4*g = -3*m + 7*m + 452, 5*g - 561 = m. Calculate the remainder when g is divided by 33.
13
Let d = -7 - -40. What is the remainder when 161 is divided by d?
29
Suppose -3*h + 51 = -2*n, 3*n + 60 = 3*h - 2*n. Let a be (2 - 1)/(-3 + 2). What is the remainder when 1/((-112)/114 - a) is divided by h?
12
Suppose -3*f = -5*v - f + 10, v + 11 = 3*f. Suppose -v*g + g = -24. Let p = -769 - -783. Calculate the remainder when p is divided by g.
6
Suppose 2*k = 7*k - 3*s - 14, 3*k - 2 = 5*s. Suppose k*c - 147 = 5*i, 72 = 2*c - 4*i + 2*i. Calculate the remainder when 64 is divided by c.
31
Calculate the remainder when 112/(-8 - (8 - 18)) is divided by 12.
8
Suppose -675 = -3*z + 3*k + 324, z + k - 323 = 0. Suppose 0*f + 2*f = -2*r + 172, 4*r = 4*f + z. Let c = 128 - r. What is the remainder when c is divided by 12?
8
Let a(f) = f**3 + 6*f**2 + 10*f + 22. Calculate the remainder when 964 is divided by a(-4).
12
Let j = 5 + -2. Calculate the remainder when ((-10)/6)/((-3)/18) is divided by j.
1
Let z(p) = -p**3 + 8*p**2 - 6*p + 16. Let y be z(7). Let k = 37 - y. Let l(h) = 14*h - 1. Calculate the remainder when l(3) is divided by k.
13
Suppose 3*o - 165 = -5*f, 4*o + 2*f - 234 = -0*f. Calculate the remainder when o is divided by 34.
26
Let m be 3080/30 - (-5)/(-3). Let s = 104 - m. Let b = 26 + -16. Calculate the remainder when b is divided by s.
1
Let c(k) = -k**3 + 11*k**2 - 6*k + 5. What is the remainder when c(6) is divided by 106/3 + (-1160)/(-435)?
35
Let x = -7 + 7. Calculate the remainder when ((-180)/(x